factor of 36712839?
False
Does 434 divide 564562?
False
Is 902290710 a multiple of 217?
False
Is 1094407850 a multiple of 23?
True
Is 565444026 a multiple of 441?
True
Is 1098839660 a multiple of 3125?
False
Is 2 a factor of 31624462?
True
Is 47624822 a multiple of 43?
True
Is 294 a factor of 104335150?
False
Is 15296493 a multiple of 219?
True
Is 527435199 a multiple of 35?
False
Does 1840 divide 364086587?
False
Is 92 a factor of 69658447?
False
Is 592 a factor of 22824560?
True
Is 1095285226 a multiple of 14?
True
Does 2669 divide 3508918110?
False
Does 29 divide 3040830?
False
Does 13 divide 301236347?
False
Is 4210 a factor of 1686820700?
True
Is 13 a factor of 3540049536?
False
Is 5322 a factor of 168451944?
True
Is 32 a factor of 704546675?
False
Does 1309 divide 88816630?
False
Is 204 a factor of 452590746?
False
Is 104841009 a multiple of 13?
True
Is 13 a factor of 30495184?
False
Does 7 divide 2042150473?
False
Is 29 a factor of 269062533?
False
Does 7 divide 2359781?
False
Does 2143 divide 2643009692?
False
Is 8478 a factor of 1605232998?
True
Does 20 divide 216879361?
False
Is 39 a factor of 51202359?
True
Does 14 divide 973008890?
True
Does 4259 divide 1064120937?
False
Is 14931346 a multiple of 159?
False
Does 234 divide 40697280?
True
Does 3 divide 12522729?
True
Is 23 a factor of 39189447?
True
Is 142 a factor of 86032830?
True
Does 23 divide 302632005?
False
Is 199 a factor of 1457125741?
False
Is 202982001 a multiple of 1107?
False
Does 66 divide 37874312?
False
Does 31 divide 88483672?
True
Does 88 divide 767128661?
False
Does 6122 divide 2058057228?
True
Is 129693628 a multiple of 1193?
False
Is 70 a factor of 2812922210?
True
Does 1498 divide 585995130?
True
Is 3372993410 a multiple of 2630?
True
Is 42910605 a multiple of 45?
True
Is 118790870 a multiple of 19?
False
Does 179 divide 478528576?
True
Is 14124537 a multiple of 63?
True
Is 1077 a factor of 38442438?
True
Is 492 a factor of 60663108?
True
Does 485 divide 92722300?
True
Does 48 divide 75992113?
False
Is 104954819 a multiple of 4?
False
Is 9805223 a multiple of 8?
False
Is 7949780229 a multiple of 3148?
False
Is 182 a factor of 46994581?
False
Is 397330861 a multiple of 871?
False
Is 106238659 a multiple of 53?
True
Is 223957778 a multiple of 22?
True
Is 14339200 a multiple of 320?
True
Does 81 divide 36699099?
False
Is 352750647 a multiple of 3771?
False
Is 495 a factor of 5901390?
True
Is 388811153 a multiple of 61?
False
Is 2352 a factor of 47455529?
False
Does 61 divide 2168609935?
False
Is 15 a factor of 633496050?
True
Is 248 a factor of 57932304?
True
Is 8 a factor of 73611779?
False
Does 7 divide 1913136946?
True
Does 219 divide 43089514?
False
Is 67 a factor of 1290674198?
True
Is 445 a factor of 126848140?
True
Is 946 a factor of 240886965?
False
Does 23 divide 17001370?
True
Is 17195208 a multiple of 93?
False
Does 42 divide 1088085270?
False
Is 470 a factor of 938187193?
False
Is 97 a factor of 53642455?
True
Is 82270076 a multiple of 7?
True
Is 7326508 a multiple of 3428?
False
Does 5836 divide 1211769532?
True
Is 19318140 a multiple of 60?
True
Is 3128734592 a multiple of 824?
True
Is 530810207 a multiple of 1524?
False
Is 10 a factor of 42909740?
True
Does 1070 divide 13482000?
True
Is 48 a factor of 37286112?
True
Is 152 a factor of 1722944846?
False
Does 168 divide 143455032?
True
Is 18 a factor of 2216128851?
False
Is 2151319897 a multiple of 739?
True
Is 404641008 a multiple of 1032?
True
Is 23 a factor of 2878867?
False
Is 17 a factor of 21538949?
True
Does 3160 divide 1343995400?
True
Is 1952685 a multiple of 69?
False
Is 910 a factor of 27661270?
True
Is 138393670 a multiple of 2160?
False
Does 183 divide 910368987?
False
Is 85 a factor of 21008260?
True
Is 876 a factor of 40353590?
False
Is 11723778 a multiple of 387?
True
Is 49 a factor of 7693665?
False
Is 37 a factor of 6126571?
True
Is 22864840 a multiple of 142?
True
Is 166 a factor of 393544120?
False
Is 153338540 a multiple of 965?
False
Is 1873392023 a multiple of 6018?
False
Is 166864669 a multiple of 393?
False
Is 211 a factor of 761484847?
False
Is 12 a factor of 3449100?
True
Does 289 divide 3041725?
True
Is 20427191 a multiple of 14?
False
Does 130 divide 282272510?
True
Is 161 a factor of 86965245?
False
Is 222 a factor of 121316562?
True
Does 165 divide 21726870?
True
Does 88 divide 90628648?
True
Is 3181773403 a multiple of 268?
False
Is 601019099 a multiple of 837?
False
Is 24 a factor of 7881648?
True
Is 5365 a factor of 5602512583?
False
Does 567 divide 157594815?
True
Does 1895 divide 1626689051?
False
Does 2336 divide 219124473?
False
Is 9802404 a multiple of 918?
True
Is 8299 a factor of 3533665455?
False
Is 60745266 a multiple of 499?
True
Is 7813 a factor of 400572510?
True
Does 11 divide 275259083?
True
Is 187 a factor of 341551045?
False
Does 557 divide 28418109?
False
Does 11 divide 8446515?
True
Does 672 divide 6962470?
False
Does 912 divide 162595881?
False
Is 15698117 a multiple of 4?
False
Is 2871 a factor of 14851683?
True
Does 1311 divide 30440109?
True
Is 209675089 a multiple of 410?
False
Is 3 a factor of 386709?
True
Is 505 a factor of 15791350?
True
Does 28 divide 187579475?
False
Is 424622388 a multiple of 772?
True
Is 637 a factor of 9191273?
True
Is 155882703 a multiple of 42?
False
Is 10514 a factor of 2043483302?
False
Is 21 a factor of 4273933?
False
Is 843 a factor of 214771971?
False
Does 54 divide 742669602?
False
Is 1599 a factor of 5022187170?
True
Does 78 divide 39345948?
False
Is 855 a factor of 601459451?
False
Does 97 divide 52953591?
False
Is 146 a factor of 563859756?
False
Is 106248851 a multiple of 4?
False
Does 14 divide 14940773?
False
Is 4673158074 a multiple of 117?
True
Does 108 divide 67749655?
False
Does 29 divide 80226954?
False
Is 139529920 a multiple of 13?
False
Is 8253427 a multiple of 3?
False
Is 54678326 a multiple of 434?
False
Is 195 a factor of 155821965?
True
Is 31 a factor of 60791096?
False
Does 282 divide 13959846?
True
Is 46 a factor of 32502036?
True
Is 5706484 a multiple of 46?
True
Does 34 divide 29670144?
False
Is 18 a factor of 4313718172?
False
Is 507 a factor of 2866714890?
True
Does 1197 divide 86624927?
False
Is 155 a factor of 7412621?
False
Is 35990010 a multiple of 882?
True
Is 16 a factor of 2771063174?
False
Is 211 a factor of 43294452?
False
Is 9612769 a multiple of 799?
True
Is 76919751 a multiple of 6159?
True
Is 45744881 a multiple of 1633?
False
Does 14 divide 938044464?
True
Is 1365 a factor of 6575690940?
True
Does 97 divide 31953478?
False
Does 663 divide 2339191?
False
Is 44 a factor of 14311951?
False
Is 1447 a factor of 410170961?
True
Does 276 divide 6558540?
False
Is 51458910 a multiple of 89?
True
Is 49 a factor of 8272768?
True
Is 864951925 a multiple of 85?
True
Is 616 a factor of 12109168?
False
Is 6 a factor of 19739249?
False
Is 239693508 a multiple of 9?
True
Is 2942509976 a multiple of 287?
True
Does 87 divide 33230955?
True
Is 1034580 a multiple of 215?
True
Does 14 divide 14893900?
True
Does 132 divide 32854404?
True
Does 216 divide 283878864?
True
Is 1048 a factor of 13889144?
True
Is 84217070 a multiple of 70?
True
Is 233883068 a multiple of 5143?
True
Is 16 a factor of 540707376?
True
Does 40 divide 11055531?
False
Does 8 divide 672246896?
True
Does 2239 divide 2313225089?
True
Does 133 divide 2542196447?
True
Does 10 divide 23431790?
True
Is 1712508 a multiple of 222?
True
Is 86 a factor of 151944198?
True
Is 275538669 a multiple of 547?
True
Is 26 a factor of 235284295?
False
Is 144 a factor of 758172288?
False
Is 71 a factor of 32978293?
True
Is 6373 a factor of 738456008?
False
Is 115964836 a multiple of 52?
True
Is 119 a factor of 274479688?
True
Is 542 a factor of 254448404?
True
Is 12 a factor of 23701500?
True
Is 1129980314 a multiple of 4529?
False
Does 867 divide 131455407?
True
Is 14 a factor of 2546577158?
False
Is 618165 a multiple of 2169?
True
Is 14212442 a multiple of 153?
False
Is 129816415 a multiple of 131?
True
Does 256 divide 9766144?
True
Is 411 a factor of 419307954?
True
Does 9 divide 18684748?
False
Does 52 divide 24009492?
True
Does 14 divide 10721423?
False
Does 1243 divide 2549305207?
False
Is 358 a factor of 965486620?
True
Is 236 a factor o